 11
Suppose s + 5 = 0, 0*c - 62 = -2*c + 2*s. List the prime factors of c.
2, 13
Let w(c) = c**3 - c**2 + c. Let b be w(1). Let z = b + 4. List the prime factors of z.
5
Suppose -4*q = n + 3*n + 16, 2*n = 5*q - 22. Let v be 8*(9/n)/3. Let p = v - -6. What are the prime factors of p?
2
Let t = -3 - -5. Let o be (-15)/t*(-56)/10. Let w = o + -25. What are the prime factors of w?
17
Suppose -v = 2*v - 24. Let h = 13 - 18. Let u = h + v. List the prime factors of u.
3
Let a be 4/(-4) - (-2)/2. Suppose a = -x - 4*x. Suppose x = -3*k + t - 2*t + 6, -2*k = -3*t - 4. List the prime factors of k.
2
Suppose 6*t - 20 = t. Let y = 4 - t. Suppose y = -5*l + 21 + 9. List the prime factors of l.
2, 3
Let y be 3/2*(-70)/(-21). Suppose 2*t = y*z + 11, 0 = 4*z - 5*t - 1 + 3. List the prime factors of (z/12 + 3)*4.
11
Suppose 2*x = 2*u + 4, 2*x + 2*u = -2*x + 14. What are the prime factors of x?
3
Suppose -20 = 19*p - 24*p. What are the prime factors of p?
2
Let a(k) = k**2 + 9*k + 11. Let t = 8 + -16. Let x be a(t). Suppose 4*u + 0*i - 43 = -i, -5*u - x*i = -59. What are the prime factors of u?
2, 5
Let y(h) = -h**3 + 11*h**2 - 15*h - 3. List the prime factors of y(9).
2, 3
Suppose -427 - 29 = -3*j. What are the prime factors of j?
2, 19
Let r = 224 - 62. List the prime factors of r.
2, 3
Suppose -6 = 2*l - 3*l. Let r(u) = -4*u**3 - 3*u + 9. Let y(v) = -v**3 + v**2 + v + 1. Let d(p) = -r(p) + 5*y(p). List the prime factors of d(l).
2
Suppose 0 = 2*f - q - 13, -11 - 7 = -3*f + q. List the prime factors of f.
5
Let w be (-2)/(-8) + 22/8. Suppose 0 = -w*h - 4 + 1. What are the prime factors of -34*h/(-4)*-2?
17
Let h = -33 - -38. Suppose -2*f = f. Let x = h - f. List the prime factors of x.
5
Let n(d) = 3*d**3 - d**2 + 2*d - 1. Let w be n(1). Suppose -2*m + w = -7. What are the prime factors of m?
5
Let z(p) = -5*p - 1. Let x be z(-6). Suppose 31 = 5*u - x. Let n = 0 + u. What are the prime factors of n?
2, 3
List the prime factors of (59 + -4 - 1)*1.
2, 3
Let f be (-2)/(-3)*(-75)/(-10). What are the prime factors of f + 3 + -5 - -23?
2, 13
Let l = 51 - -28. What are the prime factors of l?
79
Let s be 6/(-4)*(-24)/9. Let n = 20 - s. What are the prime factors of n?
2
Suppose j = -j + 8. Let u be (-54)/(-3) + 0 + 0. What are the prime factors of j/u + (-43)/(-9)?
5
Suppose -4*v + 143 = -537. What are the prime factors of v?
2, 5, 17
Let f = 5 + -5. Suppose -6 = -m - i - 0, f = -m + i - 2. Suppose 3*h = c - 10, 4*h - h + 17 = m*c. List the prime factors of c.
7
Suppose 240 = -2*q - 3*q. Let m = q - -70. What are the prime factors of m?
2, 11
Suppose -2*d = 5*q - 3*d - 180, -3*q = d - 100. List the prime factors of q.
5, 7
Let s be -4*1*130/8. What are the prime factors of (-217)/(-5) + 26/s?
43
Let x(o) = 46*o**2. What are the prime factors of x(1)?
2, 23
Suppose 0 = 3*b - 3*q - 12 + 3, 42 = 5*b + 4*q. Suppose 2*i - b*i + 212 = 0. List the prime factors of i.
53
Let y(b) be the third derivative of -b**4/12 + 5*b**3/6 - b**2. Let s be ((-15)/(-5))/(3/(-4)). List the prime factors of y(s).
13
Suppose 0 = -0*r + 2*r - 6. Suppose 12 + 51 = r*s. List the prime factors of s.
3, 7
Let g = 15 + -15. Suppose 3*u + 6 = 2*v - 10, 3*u = -5*v + 40. Let z = v - g. What are the prime factors of z?
2
Let k(y) = 7*y + 1. Let j be k(3). What are the prime factors of (-12)/(-66) - (-414)/j?
19
Suppose -4*u + 2*u = -6. Suppose -g + u*y - 12 = 0, -3*y + 8 - 2 = -3*g. Suppose 22 = g*o + 5*v, 4*v = -o + 5*o - 8. What are the prime factors of o?
2
Let q(k) be the third derivative of 13*k**6/40 + k**5/60 - k**4/12 + k**3/6 - 3*k**2. Let s be q(1). What are the prime factors of -3 + (-3)/((-9)/s)?
2, 5
Let r(g) = 4 - 3*g - 3*g - 5*g - 2*g**2 + g**2. List the prime factors of r(-4).
2
Let f = 7 - 67. Let a be 6/4*f/(-18). Suppose v = 3*v + 5*t - 23, -a*v = -t - 71. List the prime factors of v.
2, 7
Suppose -l + 2*l = 3*p + 116, -l + 2*p + 111 = 0. Let u = l + 100. What are the prime factors of 4/(-10) - u/(-15)?
13
Let o = 8 + 15. What are the prime factors of o?
23
Suppose 5*r = -4*q + 84, 0 = 4*r - 29 + 13. Let g(t) = -t + 2. Let m be g(-2). Suppose -i - 22 = -3*a - 0*a, 4*a - m*i = q. List the prime factors of a.
3
Let v be -1 + (96/2)/2. Let p = -8 + 21. Let i = v - p. List the prime factors of i.
2, 5
Let d = 10 + -7. Let b be 1/d + 19/(-3). What are the prime factors of (-33)/(-9) - 2/b?
2
Let f be (-20)/6*36/(-15). Suppose -3*c = -c - f. What are the prime factors of c?
2
Suppose -3*x + 25 = 2*x. Suppose 3*u - 17 = -2*v, x*v = u + 3*u - 15. List the prime factors of u.
5
Let n be 8/(-3) + (-2)/6. Let s be 76/(-10)*(-2 + n). List the prime factors of (-4)/(-8) - s/(-4).
2, 5
Suppose -45 - 7 = 4*n. Let h be n - (-2 + (0 - -1)). Let y = -5 - h. What are the prime factors of y?
7
Let u = 289 - 93. List the prime factors of u.
2, 7
Suppose 4*o + 124 = 8*o. List the prime factors of o.
31
What are the prime factors of (-3)/((-3)/2)*(0 + 2)?
2
Let d(k) be the third derivative of k**6/120 + k**5/15 - k**4/12 + k**3/2 + k**2. Let j = -24 - -21. What are the prime factors of d(j)?
2, 3
What are the prime factors of 383 - (-7)/(7/(-6))?
13, 29
Let i(o) = -o + 15. Let k(t) = 7. Let v(z) = 3*i(z) - 7*k(z). Let c be ((-2)/(-3))/((-14)/147). List the prime factors of v(c).
17
Suppose 0 = -9*x + 12*x - 78. List the prime factors of x.
2, 13
Let a(y) = -y**3 - 6*y**2 + 4*y - 4. Let j(x) = -5*x + 3. Suppose -v - 3*n + 1 = -1, 0 = 5*v + n - 10. Let o be j(v). List the prime factors of a(o).
17
Suppose 0 = -4*v - 5*o + 2, 0*v - 5*v + 13 = o. Let p be (-118)/(-5) + v/(-5). Suppose -5*a = -73 + p. List the prime factors of a.
2, 5
Let p = -15 - -1. What are the prime factors of p/(0 - (1 - 0))?
2, 7
Let k be (-3)/(-3) - (-2 - -1). Suppose -8 = -4*a + 4*d + 8, 5*d + 8 = k*a. Suppose 32 = a*i - 4*h, -3*h + 56 = 4*i - h. List the prime factors of i.
2, 3
Let c(f) = f**3 - 2*f**2 + 11. What are the prime factors of c(6)?
5, 31
Suppose 3*n - 5*k + 57 = 0, 0 = -3*n + k - 4*k - 33. Let u = 49 - n. Suppose -3*w = 2*f - 22, 4*f + w = u - 19. What are the prime factors of f?
11
Let t(u) = -2*u - 2. Let d be t(-3). Let a be 3/3 + -2 + 5. Suppose a*l = l - h + 20, 0 = -2*l - d*h. List the prime factors of l.
2
Suppose 2*n - 5 = -9. Let u = n - -2. Suppose -w + 2*w - 4*h = -4, u = -5*w + h + 75. What are the prime factors of w?
2
Suppose 4*h - u + 22 = -7, 4*h = -u - 19. Let n be h/15 - (-4)/10. Suppose -2 + n = -q. List the prime factors of q.
2
Let d be (-2)/(-11) - 2766/(-33). Suppose 5*o - 175 = -5*v, -v - 1 = -3*o + d. List the prime factors of o.
2, 3, 5
Suppose -5*j + d - 11 = 0, 4*d + d = 2*j - 14. Let u = -4 - j. What are the prime factors of 6 - (-1)/u - 0?
5
Suppose 3*n - 84 = 48. Suppose -3*q = 3*k + 2 - 8, 5*q + n = 4*k. List the prime factors of k.
2, 3
Suppose 28 = a - 90. What are the prime factors of a?
2, 59
Suppose 4*k + 0*k = 220. What are the prime factors of k?
5, 11
What are the prime factors of (-175)/(-3) + (-6)/(-9)?
59
What are the prime factors of 8/44 + 348/22?
2
Let o(s) = 2*s**3 - s**2 + s + 1. Let c be o(3). Let n = c + -17. Suppose 4*u + 0*u - n = 0. What are the prime factors of u?
2
Let f(t) = 3*t + 3. Let v be f(8). Suppose 0 = c - 3*o - 9, -o - v = -3*c - 4*o. List the prime factors of c.
3
Suppose -2*f - f - 33 = -5*l, 5*l - 2*f - 32 = 0. Let o = 19 - l. List the prime factors of o.
13
Let g = 55 + -20. What are the prime factors of g?
5, 7
List the prime factors of (-3 + 92/20)*40.
2
Suppose 208 = -15*h + 17*h. List the prime factors of h.
2, 13
Suppose 2*p = 49 - 125. Let f be (-18)/81 + p/(-9). Suppose 5 = -s - f*c + 23, 21 = 5*s - 3*c. List the prime factors of s.
2, 3
Suppose 4*t - 16 = 88. What are the prime factors of t?
2, 13
Suppose 2*c - 7*c - 45 = 0. What are the prime factors of (3/c)/(2/(-156))?
2, 13
Suppose -2*f = -5*g + 13, g - 4*g + 4*f + 5 = 0. Let b be (g/6)/((-1)/(-4)). Suppose -14 = -b*j - 0. What are the prime factors of j?
7
Let u be 10/15*(-3)/(-2). Let j = -1 - -1. Suppose j = -d + u + 8. What are the prime factors of d?
3
List the prime factors of 48114/242 - (-2)/11.
199
Let z = 28 + -7. Suppose -w = -15 - z. List the prime factors of w.
2, 3
Let q(k) = -8*k**2 + 2*k - 1. Let z be q(1). Let r be 10/4*(-5 - z). Let g(s) = s**3 - 5*s**2 + 2*s - 3. What